{"id":5754,"date":"2026-01-17T17:35:06","date_gmt":"2026-01-17T17:35:06","guid":{"rendered":"https:\/\/mondemachines.com\/?post_type=product&#038;p=5754"},"modified":"2026-04-15T10:23:52","modified_gmt":"2026-04-15T10:23:52","slug":"bulldozer-liebherr-pr-714-lgp","status":"publish","type":"product","link":"https:\/\/mondemachines.com\/index.php\/product\/bulldozer-liebherr-pr-714-lgp\/","title":{"rendered":"Bulldozer Liebherr PR 714 LGP \u00a0"},"content":{"rendered":"<h4>Buldozer LIEBHERR PR 714 LGP<\/h4>\n<p><span dir=\"auto\">GPS laser<\/span><\/p>\n<p><span dir=\"auto\">\u00c9ventreur<\/span><\/p>\n<p><span dir=\"auto\">Fa\u00e7ade \u00e0 6 voies<\/span><\/p>\n<p><span dir=\"auto\">Syst\u00e8me laser Topcon install\u00e9 en usine<\/span><\/p>\n<p><span dir=\"auto\">92 kW<\/span><\/p>\n<p><span dir=\"auto\">Le train de roulement est en tr\u00e8s bon \u00e9tat<\/span><\/p>\n<p><span dir=\"auto\">Parfait \u00e9tat<\/span><\/p>\n<p><span dir=\"auto\">Prochaine inspection de service 02\/2026<\/span><\/p>\n","protected":false},"excerpt":{"rendered":"<p>Num\u00e9ro de r\u00e9f\u00e9rence : FG63691<br \/>\nType de v\u00e9hicule: Bulldozers<br \/>\nMarque: Liebherr<br \/>\nDate de premi\u00e8re immatriculation \/ Ann\u00e9e de fabrication :2008<br \/>\ntravaille: 9031 heures<br \/>\nPuissance: 125 ch<br \/>\nCouleur : jaune<br \/>\nNIV: T0XZ1078ZZJ163691<\/p>\n<p>Poids et capacit\u00e9 de charge<br \/>\nPoids \u00e0 vide: 14 500 kg<\/p>\n","protected":false},"featured_media":5925,"comment_status":"closed","ping_status":"closed","template":"","meta":{"_monsterinsights_skip_tracking":false,"_monsterinsights_sitenote_active":false,"_monsterinsights_sitenote_note":"","_monsterinsights_sitenote_category":0},"product_brand":[],"product_cat":[239],"product_tag":[],"class_list":{"0":"post-5754","1":"product","2":"type-product","3":"status-publish","4":"has-post-thumbnail","6":"product_cat-bulldozer","8":"first","9":"instock","10":"shipping-taxable","11":"purchasable","12":"product-type-simple"},"aioseo_notices":[],"_links":{"self":[{"href":"https:\/\/mondemachines.com\/index.php\/wp-json\/wp\/v2\/product\/5754","targetHints":{"allow":["GET"]}}],"collection":[{"href":"https:\/\/mondemachines.com\/index.php\/wp-json\/wp\/v2\/product"}],"about":[{"href":"https:\/\/mondemachines.com\/index.php\/wp-json\/wp\/v2\/types\/product"}],"replies":[{"embeddable":true,"href":"https:\/\/mondemachines.com\/index.php\/wp-json\/wp\/v2\/comments?post=5754"}],"wp:featuredmedia":[{"embeddable":true,"href":"https:\/\/mondemachines.com\/index.php\/wp-json\/wp\/v2\/media\/5925"}],"wp:attachment":[{"href":"https:\/\/mondemachines.com\/index.php\/wp-json\/wp\/v2\/media?parent=5754"}],"wp:term":[{"taxonomy":"product_brand","embeddable":true,"href":"https:\/\/mondemachines.com\/index.php\/wp-json\/wp\/v2\/product_brand?post=5754"},{"taxonomy":"product_cat","embeddable":true,"href":"https:\/\/mondemachines.com\/index.php\/wp-json\/wp\/v2\/product_cat?post=5754"},{"taxonomy":"product_tag","embeddable":true,"href":"https:\/\/mondemachines.com\/index.php\/wp-json\/wp\/v2\/product_tag?post=5754"}],"curies":[{"name":"wp","href":"https:\/\/api.w.org\/{rel}","templated":true}]}}