{"id":8755,"date":"2026-04-02T10:12:46","date_gmt":"2026-04-02T10:12:46","guid":{"rendered":"https:\/\/mondemachines.com\/?post_type=product&#038;p=8755"},"modified":"2026-04-14T12:50:57","modified_gmt":"2026-04-14T12:50:57","slug":"2-toilettes-privees-toilettes-portatives","status":"publish","type":"product","link":"https:\/\/mondemachines.com\/index.php\/product\/2-toilettes-privees-toilettes-portatives\/","title":{"rendered":"2 toilettes priv\u00e9es Toilettes portatives"},"content":{"rendered":"<p><span style=\"color: #000000;\">Ces toilettes portatives Bastone 2 cabines priv\u00e9es sont con\u00e7ues pour fournir des toilettes portatives aux chantiers de construction et aux \u00e9v\u00e9nements publics sp\u00e9ciaux en plein air pour le confort des gens. Cette cabine de toilettes portatives vous donne la tranquillit\u00e9 d&#8217;esprit de pouvoir avoir des toilettes propres et simples lors de c\u00e9l\u00e9brations et d&#8217;\u00e9v\u00e9nements en plein air. Les toilettes portatives Bastone 2 cabines priv\u00e9es comprennent des toilettes, un lavabo, une lumi\u00e8re, un ventilateur et un \u00e9vent, et c&#8217;est un kiosque de toilettes portables \u00e0 service complet qui est similaire \u00e0 une salle de bain dans votre maison. Les toilettes et les toilettes font partie int\u00e9grante de la vie quotidienne et in\u00e9vitable, et nous comprenons votre urgence, nous voulons vous apporter du plaisir et du nettoyage.\u00a0<\/span><\/p>\n<div><img decoding=\"async\" src=\"https:\/\/cdn.shopify.com\/s\/files\/1\/0508\/9709\/2763\/files\/2-Private-Toilet-Stalls-Portable-Restroom-A_600x600.jpg?v=1710911665\" alt=\"2 toilettes priv\u00e9es Toilettes portatives\" \/><\/div>\n<h3>Sp\u00e9cification<\/h3>\n<div class=\"do-entry-list\" style=\"text-align: start;\">\n<div class=\"do-entry-list\" style=\"text-align: start;\">\n<div class=\"table-wrapper\">\n<table style=\"height: 871px;\">\n<tbody>\n<tr style=\"height: 19px;\">\n<td class=\"\" style=\"text-align: left; width: 170.297px; height: 19px;\"><strong>Description<\/strong><\/td>\n<td class=\"\" style=\"width: 342.703px; height: 19px;\"><strong>Caract\u00e9ristiques<\/strong><\/td>\n<\/tr>\n<tr style=\"height: 19px;\">\n<td class=\"\" style=\"text-align: left;\">Mod\u00e8le<\/td>\n<td class=\"\" style=\"text-align: center; width: 342.703px; height: 19px;\">2 toilettes priv\u00e9es portatives<\/td>\n<\/tr>\n<tr style=\"height: 19px;\">\n<td class=\"\" style=\"text-align: left;\">Dimensions (L x l x H)<\/td>\n<td class=\"\" style=\"text-align: center; width: 342.703px; height: 19px;\">84,6&#8243;x51,2&#8243;x93&#8243;<\/td>\n<\/tr>\n<tr style=\"height: 19px;\">\n<td class=\"\" style=\"text-align: left;\">Dimensions int\u00e9rieures (L x l)<\/td>\n<td class=\"\" style=\"width: 342.703px; height: 19px;\">36,7&#8243; x 44,6&#8243; par pi\u00e8ce<\/td>\n<\/tr>\n<tr style=\"height: 19px;\">\n<td class=\"\" style=\"text-align: left;\">Taille de la porte<\/td>\n<td class=\"\" style=\"width: 342.703px; height: 19px;\">L 33&#8243; x H 78&#8243;<\/td>\n<\/tr>\n<tr style=\"height: 19px;\">\n<td class=\"\" style=\"text-align: left;\">Surface nette<\/td>\n<td class=\"\" style=\"width: 342.703px; height: 19px;\">11,4 pi\u00b2\/pi\u00e8ce<\/td>\n<\/tr>\n<tr style=\"height: 19px;\">\n<td class=\"\" style=\"text-align: left;\">Cadre<\/td>\n<td class=\"\" style=\"width: 342.703px; height: 19px;\">Acier<\/td>\n<\/tr>\n<tr style=\"height: 19px;\">\n<td class=\"\" style=\"text-align: left;\">Rev\u00eatement de surface<\/td>\n<td class=\"\" style=\"width: 342.703px; height: 19px;\">Peinture r\u00e9sistante aux hautes temp\u00e9ratures<\/td>\n<\/tr>\n<tr style=\"height: 19px;\">\n<td class=\"\" style=\"text-align: left;\">Mat\u00e9riau de toiture<\/td>\n<td class=\"\" style=\"width: 342.703px; height: 19px;\">Panneaux de toiture EPS ignifuges et isol\u00e9s de 2 pouces<\/td>\n<\/tr>\n<tr style=\"height: 19px;\">\n<td class=\"\" style=\"text-align: left;\">Mat\u00e9riau du mur<\/td>\n<td class=\"\" style=\"width: 342.703px; height: 19px;\">Panneaux muraux isol\u00e9s et r\u00e9sistants au feu en EPS de 2 pouces<\/td>\n<\/tr>\n<tr style=\"height: 39px;\">\n<td class=\"\" style=\"text-align: left;\">Mat\u00e9riau du sol<\/td>\n<td class=\"\" style=\"width: 342.703px; height: 39px;\">Rev\u00eatement de sol antid\u00e9rapant et r\u00e9sistant \u00e0 l&#8217;usure en cuir + panneau en PVC dur<\/td>\n<\/tr>\n<tr>\n<td>Valeur R<\/td>\n<td>7.09~8.27<\/td>\n<\/tr>\n<tr style=\"height: 67px;\">\n<td class=\"\" style=\"text-align: left;\">Portes<\/td>\n<td class=\"\" style=\"width: 342.703px; height: 67px;\">\n<ul>\n<li>Panneau composite EPS<\/li>\n<li>Porte ouvrant vers l&#8217;ext\u00e9rieur<\/li>\n<\/ul>\n<\/td>\n<\/tr>\n<tr style=\"height: 19px;\">\n<td class=\"\" style=\"text-align: left;\">Sp\u00e9cifications du disjoncteur<\/td>\n<td class=\"\" style=\"width: 342.703px; height: 19px;\">13 \u00e0 16 amp\u00e8res<\/td>\n<\/tr>\n<tr style=\"height: 19px;\">\n<td class=\"\" style=\"text-align: left;\">Alimentation \u00e9lectrique<\/td>\n<td class=\"\" style=\"width: 342.703px; height: 19px;\">110 V ~ 220 V<\/td>\n<\/tr>\n<tr>\n<td>Informations sur le fil<\/td>\n<td>3 conducteurs 2,5 mm\u00b2<\/td>\n<\/tr>\n<tr>\n<td>Instructions de c\u00e2blage<\/td>\n<td>Fil blanc : fil neutre<br \/>\nFil noir : fil sous tension Fil<br \/>\nvert ou jaune-vert : fil de terre<\/td>\n<\/tr>\n<tr>\n<td style=\"text-align: left;\">Volume de chasse d&#8217;eau<\/td>\n<td style=\"width: 342.703px;\">1,6 gallon par chasse<\/td>\n<\/tr>\n<tr style=\"height: 19px;\">\n<td class=\"\" style=\"text-align: left;\">Mat\u00e9riau du tuyau d&#8217;admission<\/td>\n<td class=\"\" style=\"width: 342.703px; height: 19px;\">Tuyau PPR<\/td>\n<\/tr>\n<tr style=\"height: 19px;\">\n<td class=\"\" style=\"text-align: left;\">Diam\u00e8tre int\u00e9rieur du tuyau d&#8217;admission<\/td>\n<td class=\"\" style=\"width: 342.703px; height: 19px;\">4\/5 pouces<\/td>\n<\/tr>\n<tr style=\"height: 19px;\">\n<td class=\"\" style=\"text-align: left;\">Mat\u00e9riau du tuyau de sortie<\/td>\n<td class=\"\" style=\"width: 342.703px; height: 19px;\">Tuyau en PVC<\/td>\n<\/tr>\n<tr style=\"height: 67px;\">\n<td class=\"\" style=\"text-align: left;\">Diam\u00e8tre int\u00e9rieur du tuyau de sortie<\/td>\n<td class=\"\" style=\"width: 342.703px; height: 67px;\">\n<ul>\n<li>Tuyau d&#8217;eau grise : 1 \u2158 pouce<\/li>\n<li>Tuyau d&#8217;eau noir : 3 pouces<\/li>\n<\/ul>\n<\/td>\n<\/tr>\n<tr style=\"height: 67px;\">\n<td class=\"\" style=\"text-align: left;\">Temp\u00e9rature de fonctionnement la plus basse des tuyaux<\/td>\n<td class=\"\" style=\"width: 342.703px; height: 67px;\">14\u2109 (si glac\u00e9, veuillez utiliser de l&#8217;eau \u00e0 122\u2109 pour faire fondre)<\/td>\n<\/tr>\n<tr style=\"height: 19px;\">\n<td style=\"text-align: left; width: 170.297px; height: 19px;\">Niveau de r\u00e9sistance au feu<\/td>\n<td style=\"width: 342.703px; height: 19px;\">B2<\/td>\n<\/tr>\n<tr style=\"height: 19px;\">\n<td class=\"\" style=\"text-align: left;\">Charge due au vent<\/td>\n<td class=\"\" style=\"width: 342.703px; height: 19px;\">56 MPH<\/td>\n<\/tr>\n<tr style=\"height: 19px;\">\n<td class=\"\" style=\"text-align: left;\">Charge de neige<\/td>\n<td class=\"\" style=\"width: 342.703px; height: 19px;\">125 lb\/pi\u00b2<\/td>\n<\/tr>\n<tr>\n<td>Passages pour chariot \u00e9l\u00e9vateur<\/td>\n<td>Dimensions : L7&#8243; x H3&#8243;<br \/>\nDistance entre les passages de fourche : 28&#8243;<\/td>\n<\/tr>\n<tr style=\"height: 19px;\">\n<td class=\"\" style=\"text-align: left;\">Dur\u00e9e de vie<\/td>\n<td class=\"\" style=\"width: 342.703px; height: 19px;\">15+ ann\u00e9es<\/td>\n<\/tr>\n<tr style=\"height: 19px;\">\n<td class=\"\" style=\"text-align: left;\">Garantie<\/td>\n<td class=\"\" style=\"width: 342.703px; height: 19px;\">1 an<\/td>\n<\/tr>\n<\/tbody>\n<\/table>\n<\/div>\n<\/div>\n<\/div>\n<h3>Installation<\/h3>\n<p>Il y a 4 anneaux de levage pour le transport sur le dessus et une fente pour chariot \u00e9l\u00e9vateur sur le dessous. L&#8217;\u00e9quipement doit \u00eatre d\u00e9charg\u00e9 \u00e0 l&#8217;aide d&#8217;une grue ou d&#8217;un chariot \u00e9l\u00e9vateur.<\/p>\n<p><strong>Options de semelles<\/strong><\/p>\n<ul>\n<li>Dalle ou dalle en b\u00e9ton<\/li>\n<li>Sol compact\u00e9<\/li>\n<li>Souches en b\u00e9ton ou en acier<\/li>\n<li>Remarque : La hauteur finale de la surface doit \u00eatre de niveau. Il est recommand\u00e9 de consulter une personne qualifi\u00e9e.<\/li>\n<\/ul>\n<h3><span style=\"color: #000000;\"><strong>Note<\/strong><\/span><\/h3>\n<p><span style=\"color: #000000;\"><strong>Le client doit faire appel \u00e0 un \u00e9lectricien agr\u00e9\u00e9 pour fournir et installer tout le c\u00e2blage.<br \/>\nTous les raccordements de tuyaux n\u00e9cessitent du ruban d&#8217;\u00e9tanch\u00e9it\u00e9 pour filetage, au lieu de la colle, pour assurer l&#8217;\u00e9tanch\u00e9it\u00e9.<\/strong><\/span><\/p>\n<p><span style=\"color: #000000;\"><strong>Nos toilettes portables doivent \u00eatre aliment\u00e9es en eau de ville ou en eau de puits, et toutes les \u00ab eaux us\u00e9es \u00bb des toilettes portables doivent \u00eatre raccord\u00e9es au syst\u00e8me d&#8217;\u00e9gouts de la ville ou \u00e0 un simple syst\u00e8me septique.<\/strong><\/span><\/p>\n<p><span style=\"color: #000000;\"><span style=\"color: #fd091f;\">Si ces toilettes portatives priv\u00e9es Bastone 2 sont utilis\u00e9es sur un chantier de construction, nous vous recommandons de raccorder les toilettes au r\u00e9seau d&#8217;\u00e9gouts sanitaires et de raccorder l&#8217;eau au r\u00e9seau de canalisations. Dans le cas contraire, vous aurez peut-\u00eatre besoin de r\u00e9servoirs \u00e0 l&#8217;ext\u00e9rieur de la structure pour les d\u00e9chets.\u00a0<\/span><\/span><\/p>\n<ul>\n<li><span style=\"color: #000000;\">S&#8217;il s&#8217;agit d&#8217;un sol en b\u00e9ton, veuillez utiliser des ancrages \u00e0 verrouillage par rotation aux 4 coins des toilettes portables et utiliser un c\u00e2ble m\u00e9tallique pour relier l&#8217;ancrage et le coin sup\u00e9rieur des toilettes portables.\u00a0<\/span><\/li>\n<li><span style=\"color: #000000;\">S&#8217;il s&#8217;agit d&#8217;un sol en terre, veuillez utiliser des clous de sol de 20 \u00e0 28 pouces aux 4 coins et utiliser un c\u00e2ble m\u00e9tallique pour relier l&#8217;ancrage et le coin sup\u00e9rieur des toilettes portables.\u00a0<\/span><\/li>\n<\/ul>\n","protected":false},"excerpt":{"rendered":"<p><span style=\"color: #000000;\">Ces toilettes portatives Bastone 2 cabines priv\u00e9es sont con\u00e7ues pour fournir des toilettes portatives aux chantiers de construction et aux \u00e9v\u00e9nements publics sp\u00e9ciaux en plein air pour le confort des gens. Cette cabine de toilettes portatives vous donne la tranquillit\u00e9 d&#8217;esprit de pouvoir avoir des toilettes propres et simples lors de c\u00e9l\u00e9brations et d&#8217;\u00e9v\u00e9nements en plein air. <\/span><\/p>\n","protected":false},"featured_media":8843,"comment_status":"closed","ping_status":"closed","template":"","meta":{"_monsterinsights_skip_tracking":false,"_monsterinsights_sitenote_active":false,"_monsterinsights_sitenote_note":"","_monsterinsights_sitenote_category":0},"product_brand":[],"product_cat":[314,315],"product_tag":[],"class_list":{"0":"post-8755","1":"product","2":"type-product","3":"status-publish","4":"has-post-thumbnail","6":"product_cat-conteneurs-modulaires","7":"product_cat-conteneurs-sanitaires","9":"first","10":"instock","11":"shipping-taxable","12":"purchasable","13":"product-type-simple"},"aioseo_notices":[],"_links":{"self":[{"href":"https:\/\/mondemachines.com\/index.php\/wp-json\/wp\/v2\/product\/8755","targetHints":{"allow":["GET"]}}],"collection":[{"href":"https:\/\/mondemachines.com\/index.php\/wp-json\/wp\/v2\/product"}],"about":[{"href":"https:\/\/mondemachines.com\/index.php\/wp-json\/wp\/v2\/types\/product"}],"replies":[{"embeddable":true,"href":"https:\/\/mondemachines.com\/index.php\/wp-json\/wp\/v2\/comments?post=8755"}],"wp:featuredmedia":[{"embeddable":true,"href":"https:\/\/mondemachines.com\/index.php\/wp-json\/wp\/v2\/media\/8843"}],"wp:attachment":[{"href":"https:\/\/mondemachines.com\/index.php\/wp-json\/wp\/v2\/media?parent=8755"}],"wp:term":[{"taxonomy":"product_brand","embeddable":true,"href":"https:\/\/mondemachines.com\/index.php\/wp-json\/wp\/v2\/product_brand?post=8755"},{"taxonomy":"product_cat","embeddable":true,"href":"https:\/\/mondemachines.com\/index.php\/wp-json\/wp\/v2\/product_cat?post=8755"},{"taxonomy":"product_tag","embeddable":true,"href":"https:\/\/mondemachines.com\/index.php\/wp-json\/wp\/v2\/product_tag?post=8755"}],"curies":[{"name":"wp","href":"https:\/\/api.w.org\/{rel}","templated":true}]}}